c - 4*i. What is the units digit of c?
5
Let g be (-1066)/(-4) - (-17)/(-34). Suppose 9*j = -g + 1850. Suppose 78 = 2*w - j. What is the hundreds digit of w?
1
Let x(n) = 29*n**3 + 24*n**2 + 10*n + 5. What is the tens digit of x(5)?
8
Suppose 22*h - 1381679 = -180831. What is the units digit of h?
4
Let b = -19548 - -27459. What is the units digit of b?
1
Let v be (-5 - 3) + 4 - -4. Suppose -g - 3*q + 51 = v, -5*g - 4*q - 6 + 228 = 0. What is the units digit of g?
2
Let u(k) = -k**3 + 49*k**2 + 497*k - 70. What is the units digit of u(55)?
5
Let s be (11/(-33))/(1/(-24)). Suppose -5*y + 7 = -s. Suppose -y*v + z + 267 = 4*z, 3*v - 4*z - 274 = 0. What is the tens digit of v?
9
Suppose -4*k + 4*f + 57751 = -64489, 0 = 4*f. What is the units digit of k?
0
Let f(h) = -8492*h - 5784. What is the hundreds digit of f(-5)?
6
Let j(v) = -v**2 - 14*v - 13. Let c be j(-13). Suppose -m - w + 855 = 0, 2*w - 692 - 2738 = -4*m. Suppose 5*x - m + 290 = c. What is the units digit of x?
4
Let f = -41 - 11. Let g = f + 67. What is the units digit of 10*g - (1 + -3)?
2
Let o = -69716 + 138269. What is the hundreds digit of o?
5
Suppose 10*z - 11864 - 8956 = 0. Suppose 10*c = 4*c + z. What is the hundreds digit of c?
3
Let h be (-4)/((-44)/(-20) + -3). Suppose 2550 = 3*u - 4*n, h*n - 2523 = -4*u + u. What is the tens digit of u?
4
Let o be 5/(-2)*8*-1. Suppose -l = 2*b + 5, l + 5 = -4*b - 0*l. What is the tens digit of o + 2 + b + -5?
1
Let r(x) = x**3 + 64*x**2 + 209*x - 168. What is the tens digit of r(-51)?
8
Let k be 1/(0 + (-5)/(-2295)). Suppose 0 = 2*x - 2*p + 138 - 594, 2*x - 3*p = k. Suppose 0 = -w, w + 49 - x = -4*y. What is the units digit of y?
4
Let r = -3 - -68. Let j be (-3)/12*2*(50 - 6). Let g = r + j. What is the units digit of g?
3
Let p = -24879 - -47800. What is the ten thousands digit of p?
2
Let f(t) = 3*t**2 + 24*t - 19. Let i be f(-9). What is the hundreds digit of (-2)/8 - (-11 - 12290/i)?
5
Let d(n) = 17*n + 29. Suppose 11 = -p - 2*g, 4*p + g = 3*p - 10. Let v be d(p). Let q = v - -246. What is the tens digit of q?
2
Suppose -339 = -k - x, 663 = 2*k - 7*x + 4*x. Suppose t + 3*p = 340, p + k = t + 2*p. What is the tens digit of t?
3
Let h = -15330 + 34833. What is the tens digit of h?
0
Suppose -4*t - 6*b = -32160, 3*t - 62*b + 59*b - 24090 = 0. What is the units digit of t?
4
Let b be 330/27 + 2/(-9). Let i be ((-36)/14)/(b/(-112)). Let c = i - 13. What is the units digit of c?
1
Let v(f) = f**3 + 3*f**2 + 2*f + 4. Let s be v(-2). Suppose -3*j + 5257 = u - 3*u, -7014 = -s*j + 5*u. What is the units digit of j?
1
Let y = -664 + 837. Suppose -74 = w + 4. Let g = y + w. What is the units digit of g?
5
Let f(j) = -3232*j - 3587. What is the units digit of f(-6)?
5
Let t(j) = 23*j + 24. Let p be t(-1). What is the tens digit of ((8 - p) + -2 - -417) + -4?
1
What is the tens digit of ((-3 + -8145)/(-2))/(10/9 - 1)?
6
Let s = -24 - -28. Suppose -2179 = -s*q + 5*k, 23*q + 5*k = 20*q + 1608. What is the tens digit of q?
4
Suppose 5*d = 4*z - 61, 2*d + 3*d = -5*z + 20. Suppose -1309 = -z*q + 2*q. Suppose -3*k + 26 = -q. What is the tens digit of k?
7
Let g = 1334 + 680. Let w(p) = -g*p + 11 + 2049*p - 33. What is the units digit of w(5)?
3
Suppose -4 = -b, 10 - 5 = 3*a - 4*b. Suppose -13*w + 1302 = -a*w. What is the tens digit of w?
1
Let u(n) = 158*n - 43. Let l be u(3). Let y = 1595 - l. What is the hundreds digit of y?
1
Suppose 0 = 2*w + 4*b - 4, 0 = w - 3*b - 4 - 13. What is the units digit of 7270/w - 129/172?
8
Suppose -49926 = -4*u - 3*x, 3*x + 22087 = 2*u - 2867. What is the thousands digit of u?
2
Let a be (-50)/(-10)*(-2)/5. Let s(q) = 85*q**3 + 5*q**2 + 5*q + 2. Let r be s(a). What is the units digit of 0 - 2/4*r/2?
7
Let u(t) = 20*t - 270. Let w(y) = 2*y + 70. Let j be w(-8). What is the units digit of u(j)?
0
Let k be (28/(-21))/(3/(-9)). Suppose 5*y - k*m = -162, 3*y + y + 3*m = -111. What is the tens digit of ((-46)/5)/(6/y)?
4
Suppose 0 = 69*v - 49*v - 124900. What is the tens digit of v?
4
Let n be 3*(-290)/(-12) - 4/8. Let v = 165 + n. What is the hundreds digit of v?
2
Let g(b) = 28*b**2 + 298*b + 111. What is the hundreds digit of g(-28)?
7
Let o be ((-6)/9)/(((-10)/33)/(-5)). Let c(g) = -15*g - 67. What is the units digit of c(o)?
8
Let l(m) = 5002*m**2 - 20*m + 17. What is the units digit of l(1)?
9
Let b(w) = -15556*w + 1504. What is the ten thousands digit of b(-1)?
1
Suppose -2*r - 4*t = 30, 4*r - 6*r + 5*t - 30 = 0. Let m(g) = 4*g**2 + 11*g - 57. What is the hundreds digit of m(r)?
6
Let q be (-2 - 8)*(-1)/2. What is the tens digit of 889/q - 3/45*-3?
7
Let g(p) = -p + 9. Let s be g(7). Suppose 3*c + 9 = o, 0*o - s*o + 5*c = -13. Let z = 48 - o. What is the tens digit of z?
5
Let x(j) = -1626*j - 1105. What is the units digit of x(-7)?
7
Let b be 4/14 - 904/28. Let s(y) = y**3 + 34*y**2 + 40*y + 19. What is the hundreds digit of s(b)?
7
Suppose -38*q + 36*q + 40 = 0. What is the units digit of 75/30*6904/q?
3
Suppose -u = 5*w - 5478, -w + 529 + 572 = 2*u. Let k = w - 713. What is the tens digit of k?
8
Suppose 1380145 = 61*a - 1095888 + 749672. What is the hundreds digit of a?
3
Let p(b) = 9*b**3 + b**2 + 4*b + 5. Let g be p(-5). Let q = g + 1590. What is the tens digit of q?
7
What is the tens digit of ((-93216)/(-144))/((-1)/(-9))?
2
Let a = 24 + -17. Let l(x) = x**3 - 8*x**2 + 7*x + 3. Let i be l(a). Suppose 0 = 3*t + 4*f - 194, i*t - 184 = 3*f - 5*f. What is the units digit of t?
8
Suppose -4*b = g - 398, 4*g + 1109 - 2686 = -b. Let s = g - 229. What is the units digit of s?
5
Let q = 18636 + 9000. What is the tens digit of q?
3
Suppose 2*i - 5 - 5 = 0. Suppose 3*s - 4*s + 321 = -i*v, 5*v = -4*s + 1384. What is the units digit of s?
1
Let l(g) = -g - 6. Let j be l(-4). Let n(c) = -61*c - 33*c - 5 + 33*c. What is the tens digit of n(j)?
1
Suppose 9*i = 2*b + 5*i - 19844, 0 = 3*b + 4*i - 29746. What is the tens digit of b?
1
Suppose -2*o + 4*b + 157320 = 0, 3*b = -21*o + 18*o + 235926. What is the thousands digit of o?
8
Suppose 40*a + 12369 = 3*d + 43*a, d - 4130 = -2*a. What is the hundreds digit of d?
1
Let z = 15923 + -5323. What is the units digit of z?
0
Let x be (-340)/(-5)*9/18. Suppose 0 = -x*k + 26474 - 124. What is the tens digit of k?
7
Let w(a) = -3*a - 7. Let m be w(-3). Let u(j) = 39*j**3 + 3*j**2 + 3*j - 10. What is the hundreds digit of u(m)?
3
Let q(g) be the third derivative of g**7/5040 + g**6/80 + 17*g**5/60 + 15*g**2. Let c(f) be the third derivative of q(f). What is the tens digit of c(9)?
1
Suppose -2*o - 2*o = 4*x + 4, 3*o + 4 = -4*x. Suppose o = -0*g - 13*g + 20475. What is the thousands digit of g?
1
Suppose 10*j - 6*j = 3*h + 49534, -h - 49522 = -4*j. What is the tens digit of j?
7
What is the tens digit of 14/476*-4 + 233586/51?
8
Let j = 10909 - 950. What is the thousands digit of j?
9
Let v(u) = 520*u**3 - 9*u**2 + 9*u + 3. What is the hundreds digit of v(2)?
1
Suppose 20 = -19*b + 23*b. Suppose -2*u + 2 - 6 = -m, b*m - 14 = 4*u. Suppose 0 = -2*w - m*w - 5*s + 296, 0 = s. What is the units digit of w?
4
Let p be (2 - 2) + (83 - (-12)/(-2)). Let y = 99 + p. What is the hundreds digit of y?
1
Let s(t) = -9*t + 129. Let n be s(14). Suppose n*a + 5*h = 560 + 51, -a + 185 = -3*h. What is the units digit of a?
7
Let q be 4 + (-8 + 4)/2. Let n = 11 + 502. Suppose 5*d - g - n = 0, -4*g = -3*d + q*d + 95. What is the units digit of d?
3
Let n = -4278 - -10929. What is the thousands digit of n?
6
Let a be 48/40*(-2 + 9/2). Suppose -214 + 40 = -a*l. Suppose l = 2*v - 48. What is the units digit of v?
3
Let r be ((-12)/4 + (-1150)/(-12))*6. Let w = -207 + r. What is the units digit of w?
0
Suppose 3*y - 2*m = -30 + 35, -m - 10 = -4*y. Let s(w) = 255*w - 52. What is the tens digit of s(y)?
1
Suppose 346*f - 197560 = 422472. What is the hundreds digit of f?
7
Let r = -41826 - -83521. What is the tens digit of r?
9
Suppose 0 = -5*z - m + 53, 0 = z + z - 5*m - 5. Let u be 2*(-3)/2 + z. Let f(s) = 5*s - 18. What is the tens digit of f(u)?
1
Let b(f) = 411*f**2 - 188*f - 6. What is the units digit of b(4)?
8
Let g be ((-7)/(28/(-32)))/(3 + -1). Let x(z) = -2*z - 11 - 6*z**2 - 3*z**2 + 3*z**2 + 8*z**2. What is the tens digit of x(g)?
1
Suppose 0 = 18*k - k - 5644. Let t = k + -34. What is the tens digit 